{"id":2030,"date":"2021-06-17T19:31:24","date_gmt":"2021-06-17T19:31:24","guid":{"rendered":"http:\/\/ucasociales.esy.es\/diplomadoclaep\/?page_id=2030"},"modified":"2021-07-22T14:55:48","modified_gmt":"2021-07-22T14:55:48","slug":"sip","status":"publish","type":"page","link":"http:\/\/ucasociales.esy.es\/diplomadoclaep\/sip\/","title":{"rendered":"Sip"},"content":{"rendered":"\t\t<div data-elementor-type=\"wp-post\" data-elementor-id=\"2030\" class=\"elementor elementor-2030\" data-elementor-settings=\"[]\">\n\t\t\t\t\t\t\t<div class=\"elementor-section-wrap\">\n\t\t\t\t\t\t\t<section class=\"elementor-section elementor-top-section elementor-element elementor-element-4ae63c00 elementor-section-stretched elementor-section-height-min-height elementor-section-boxed elementor-section-height-default elementor-section-items-middle elementor-invisible\" data-id=\"4ae63c00\" data-element_type=\"section\" data-settings=\"{&quot;background_background&quot;:&quot;classic&quot;,&quot;stretch_section&quot;:&quot;section-stretched&quot;,&quot;animation&quot;:&quot;fadeIn&quot;}\">\n\t\t\t\t\t\t\t<div class=\"elementor-background-overlay\"><\/div>\n\t\t\t\t\t\t\t<div class=\"elementor-container elementor-column-gap-no\">\n\t\t\t\t\t<div class=\"elementor-column elementor-col-100 elementor-top-column elementor-element elementor-element-2df56f35\" data-id=\"2df56f35\" data-element_type=\"column\">\n\t\t\t<div class=\"elementor-widget-wrap elementor-element-populated\">\n\t\t\t\t\t\t\t\t<div class=\"elementor-element elementor-element-2afa6b23 elementor-widget elementor-widget-heading\" data-id=\"2afa6b23\" data-element_type=\"widget\" data-widget_type=\"heading.default\">\n\t\t\t\t<div class=\"elementor-widget-container\">\n\t\t\t<h3 class=\"elementor-heading-title elementor-size-default\">Semblanza SIP - CLAEP<\/h3>\t\t<\/div>\n\t\t\t\t<\/div>\n\t\t\t\t\t<\/div>\n\t\t<\/div>\n\t\t\t\t\t\t\t<\/div>\n\t\t<\/section>\n\t\t\t\t<section class=\"elementor-section elementor-top-section elementor-element elementor-element-4f81566 elementor-section-boxed elementor-section-height-default elementor-section-height-default\" data-id=\"4f81566\" data-element_type=\"section\" data-settings=\"{&quot;background_background&quot;:&quot;classic&quot;}\">\n\t\t\t\t\t\t<div class=\"elementor-container elementor-column-gap-default\">\n\t\t\t\t\t<div class=\"elementor-column elementor-col-100 elementor-top-column elementor-element elementor-element-e0c7db0\" data-id=\"e0c7db0\" data-element_type=\"column\" data-settings=\"{&quot;background_background&quot;:&quot;classic&quot;}\">\n\t\t\t<div class=\"elementor-widget-wrap elementor-element-populated\">\n\t\t\t\t\t\t\t\t<section class=\"elementor-section elementor-inner-section elementor-element elementor-element-ecf73e8 elementor-section-content-middle elementor-section-boxed elementor-section-height-default elementor-section-height-default\" data-id=\"ecf73e8\" data-element_type=\"section\">\n\t\t\t\t\t\t<div class=\"elementor-container elementor-column-gap-default\">\n\t\t\t\t\t<div class=\"elementor-column elementor-col-100 elementor-inner-column elementor-element elementor-element-b8ddbf6\" data-id=\"b8ddbf6\" data-element_type=\"column\">\n\t\t\t<div class=\"elementor-widget-wrap elementor-element-populated\">\n\t\t\t\t\t\t\t\t<div class=\"elementor-element elementor-element-2c74da27 elementor-widget elementor-widget-heading\" data-id=\"2c74da27\" data-element_type=\"widget\" data-widget_type=\"heading.default\">\n\t\t\t\t<div class=\"elementor-widget-container\">\n\t\t\t<h3 class=\"elementor-heading-title elementor-size-default\">SOCIEDAD INTERAMERICANA DE PRENSA<\/h3>\t\t<\/div>\n\t\t\t\t<\/div>\n\t\t\t\t<div class=\"elementor-element elementor-element-759c5282 elementor-widget-divider--view-line elementor-widget elementor-widget-divider\" data-id=\"759c5282\" data-element_type=\"widget\" data-widget_type=\"divider.default\">\n\t\t\t\t<div class=\"elementor-widget-container\">\n\t\t\t\t\t<div class=\"elementor-divider\">\n\t\t\t<span class=\"elementor-divider-separator\">\n\t\t\t\t\t\t<\/span>\n\t\t<\/div>\n\t\t\t\t<\/div>\n\t\t\t\t<\/div>\n\t\t\t\t<div class=\"elementor-element elementor-element-ee95a1f elementor-widget elementor-widget-text-editor\" data-id=\"ee95a1f\" data-element_type=\"widget\" data-widget_type=\"text-editor.default\">\n\t\t\t\t<div class=\"elementor-widget-container\">\n\t\t\t\t\t\t\t\t<p>La Sociedad Interamericana de Prensa es una organizaci\u00f3n sin fines de lucro dedicada a defender la libertad de expresi\u00f3n y de prensa en todas las Am\u00e9ricas. Sus principales objetivos son:<\/p>\t\t\t\t\t\t<\/div>\n\t\t\t\t<\/div>\n\t\t\t\t<div class=\"elementor-element elementor-element-69b8dba elementor-icon-list--layout-traditional elementor-list-item-link-full_width elementor-widget elementor-widget-icon-list\" data-id=\"69b8dba\" data-element_type=\"widget\" data-widget_type=\"icon-list.default\">\n\t\t\t\t<div class=\"elementor-widget-container\">\n\t\t\t\t\t<ul class=\"elementor-icon-list-items\">\n\t\t\t\t\t\t\t<li class=\"elementor-icon-list-item\">\n\t\t\t\t\t\t\t\t\t\t\t<span class=\"elementor-icon-list-icon\">\n\t\t\t\t\t\t\t<i aria-hidden=\"true\" class=\"fas fa-caret-right\"><\/i>\t\t\t\t\t\t<\/span>\n\t\t\t\t\t\t\t\t\t\t<span class=\"elementor-icon-list-text\">Defender la libertad de prensa donde quiera que se impugne en las Am\u00e9ricas.<\/span>\n\t\t\t\t\t\t\t\t\t<\/li>\n\t\t\t\t\t\t\t\t<li class=\"elementor-icon-list-item\">\n\t\t\t\t\t\t\t\t\t\t\t<span class=\"elementor-icon-list-icon\">\n\t\t\t\t\t\t\t<i aria-hidden=\"true\" class=\"fas fa-caret-right\"><\/i>\t\t\t\t\t\t<\/span>\n\t\t\t\t\t\t\t\t\t\t<span class=\"elementor-icon-list-text\">Proteger los intereses de la prensa en las Am\u00e9ricas.<\/span>\n\t\t\t\t\t\t\t\t\t<\/li>\n\t\t\t\t\t\t\t\t<li class=\"elementor-icon-list-item\">\n\t\t\t\t\t\t\t\t\t\t\t<span class=\"elementor-icon-list-icon\">\n\t\t\t\t\t\t\t<i aria-hidden=\"true\" class=\"fas fa-caret-right\"><\/i>\t\t\t\t\t\t<\/span>\n\t\t\t\t\t\t\t\t\t\t<span class=\"elementor-icon-list-text\">Defender la dignidad, los derechos y las responsabilidades del periodismo.<\/span>\n\t\t\t\t\t\t\t\t\t<\/li>\n\t\t\t\t\t\t\t\t<li class=\"elementor-icon-list-item\">\n\t\t\t\t\t\t\t\t\t\t\t<span class=\"elementor-icon-list-icon\">\n\t\t\t\t\t\t\t<i aria-hidden=\"true\" class=\"fas fa-caret-right\"><\/i>\t\t\t\t\t\t<\/span>\n\t\t\t\t\t\t\t\t\t\t<span class=\"elementor-icon-list-text\">Alentar normas elevadas de profesionalismo y conducta empresarial.<\/span>\n\t\t\t\t\t\t\t\t\t<\/li>\n\t\t\t\t\t\t\t\t<li class=\"elementor-icon-list-item\">\n\t\t\t\t\t\t\t\t\t\t\t<span class=\"elementor-icon-list-icon\">\n\t\t\t\t\t\t\t<i aria-hidden=\"true\" class=\"fas fa-caret-right\"><\/i>\t\t\t\t\t\t<\/span>\n\t\t\t\t\t\t\t\t\t\t<span class=\"elementor-icon-list-text\">Promover el intercambio de ideas e informaci\u00f3n que contribuye al desarrollo t\u00e9cnico y profesional de la prensa.<\/span>\n\t\t\t\t\t\t\t\t\t<\/li>\n\t\t\t\t\t\t\t\t<li class=\"elementor-icon-list-item\">\n\t\t\t\t\t\t\t\t\t\t\t<span class=\"elementor-icon-list-icon\">\n\t\t\t\t\t\t\t<i aria-hidden=\"true\" class=\"fas fa-caret-right\"><\/i>\t\t\t\t\t\t<\/span>\n\t\t\t\t\t\t\t\t\t\t<span class=\"elementor-icon-list-text\">Alentar un conocimiento amplio y un mayor intercambio de informaci\u00f3n entre los pueblos de las Am\u00e9ricas en apoyo a los principios b\u00e1sicos de una sociedad libre y de la libertad individual.<\/span>\n\t\t\t\t\t\t\t\t\t<\/li>\n\t\t\t\t\t\t<\/ul>\n\t\t\t\t<\/div>\n\t\t\t\t<\/div>\n\t\t\t\t<div class=\"elementor-element elementor-element-a2ac6a2 elementor-widget elementor-widget-text-editor\" data-id=\"a2ac6a2\" data-element_type=\"widget\" data-widget_type=\"text-editor.default\">\n\t\t\t\t<div class=\"elementor-widget-container\">\n\t\t\t\t\t\t\t\t<p>La simiente de la SIP comenz\u00f3 a fecundar en 1926, a\u00f1o en que el Primer Congreso Panamericano de Periodistas, celebrado en Washington D.C. aprob\u00f3 una resoluci\u00f3n que recomendaba la constituci\u00f3n de un organismo interamericano permanente de periodistas.<\/p><p>Esta resoluci\u00f3n, sin embargo, qued\u00f3 olvidada hasta 1942, en M\u00e9xico, cuando al siguiente Congreso Panamericano tambi\u00e9n se le llam\u00f3 \u201cprimero\u201d y se decidi\u00f3 crear una Comisi\u00f3n Permanente.<\/p><p>Conferencias posteriores en Caracas, Bogot\u00e1 y Quito establecieron la organizaci\u00f3n con su nombre actual y aprobaron los Estatutos y Reglamentos de la misma.<\/p><p>Al inicio fue una organizaci\u00f3n latinoamericana. En 1946 varios editores y directores fundaron un grupo en Estados Unidos.<\/p><p>El a\u00f1o 1950 signific\u00f3 un cambio de direcci\u00f3n en la SIP.<\/p><p>Hasta esa fecha las conferencias fueron auspiciadas y financiadas por los gobiernos anfitriones; los votos correspond\u00edan a cada pa\u00eds y muchos de los miembros no eran periodistas.<\/p><p>Los delegados efectuaron cambios fundamentales y adoptaron nuevas reglamentaciones que eliminaron los auspicios. Desde entonces la SIP depende de fondos provenientes de sus miembros y de donaciones de Fundaciones.<\/p><p>Los socios de la SIP son las publicaciones o cadenas de peri\u00f3dicos.<\/p><p>En la actualidad los delegados representan a sus publicaciones y cada una de estas tiene derecho a un voto.<\/p><p>Hoy la SIP est\u00e1 compuesta por 1.300 publicaciones afiliadas, con un total de circulaci\u00f3n por sobre los 43 millones de ejemplares en papel y un n\u00famero creciente de lectores por Internet. El principal evento anual de la SIP es la Asamblea General la que conforme a sus Estatutos se celebra cada a\u00f1o en el mes de octubre, alternando su sede entre Iberoam\u00e9rica y Norteam\u00e9rica.<\/p><p>Ha sido Director de Departamento de Periodismo en dos universidades y presidente de la Asociaci\u00f3n Colombiana de Facultades de Comunicaci\u00f3n. Tiene cinco libros publicados, en los que intenta rendir culto a la narrativa, a la que llama su gran pasi\u00f3n.<\/p>\t\t\t\t\t\t<\/div>\n\t\t\t\t<\/div>\n\t\t\t\t\t<\/div>\n\t\t<\/div>\n\t\t\t\t\t\t\t<\/div>\n\t\t<\/section>\n\t\t\t\t\t<\/div>\n\t\t<\/div>\n\t\t\t\t\t\t\t<\/div>\n\t\t<\/section>\n\t\t\t\t<section class=\"elementor-section elementor-top-section elementor-element elementor-element-34cd963 elementor-section-content-middle elementor-section-boxed elementor-section-height-default elementor-section-height-default\" data-id=\"34cd963\" data-element_type=\"section\" data-settings=\"{&quot;background_background&quot;:&quot;classic&quot;}\">\n\t\t\t\t\t\t\t<div class=\"elementor-background-overlay\"><\/div>\n\t\t\t\t\t\t\t<div class=\"elementor-container elementor-column-gap-no\">\n\t\t\t\t\t<div class=\"elementor-column elementor-col-33 elementor-top-column elementor-element elementor-element-8fcc27b\" data-id=\"8fcc27b\" data-element_type=\"column\">\n\t\t\t<div class=\"elementor-widget-wrap elementor-element-populated\">\n\t\t\t\t\t\t\t\t<div class=\"elementor-element elementor-element-a4baac3 elementor-widget elementor-widget-heading\" data-id=\"a4baac3\" data-element_type=\"widget\" data-widget_type=\"heading.default\">\n\t\t\t\t<div class=\"elementor-widget-container\">\n\t\t\t<h4 class=\"elementor-heading-title elementor-size-default\">SIP en n\u00fameros<\/h4>\t\t<\/div>\n\t\t\t\t<\/div>\n\t\t\t\t<div class=\"elementor-element elementor-element-2419a81 elementor-widget elementor-widget-text-editor\" data-id=\"2419a81\" data-element_type=\"widget\" data-widget_type=\"text-editor.default\">\n\t\t\t\t<div class=\"elementor-widget-container\">\n\t\t\t\t\t\t\t\tLorem ipsum dolor sit amet, consec tetur adipis.\t\t\t\t\t\t<\/div>\n\t\t\t\t<\/div>\n\t\t\t\t\t<\/div>\n\t\t<\/div>\n\t\t\t\t<div class=\"elementor-column elementor-col-33 elementor-top-column elementor-element elementor-element-20ac32f\" data-id=\"20ac32f\" data-element_type=\"column\">\n\t\t\t<div class=\"elementor-widget-wrap elementor-element-populated\">\n\t\t\t\t\t\t\t\t<div class=\"elementor-element elementor-element-4fe4d45 elementor-widget__width-inherit elementor-widget elementor-widget-counter\" data-id=\"4fe4d45\" data-element_type=\"widget\" data-widget_type=\"counter.default\">\n\t\t\t\t<div class=\"elementor-widget-container\">\n\t\t\t\t\t<div class=\"elementor-counter\">\n\t\t\t<div class=\"elementor-counter-number-wrapper\">\n\t\t\t\t<span class=\"elementor-counter-number-prefix\"><\/span>\n\t\t\t\t<span class=\"elementor-counter-number\" data-duration=\"1000\" data-to-value=\"1300\" data-from-value=\"1\" data-delimiter=\",\">1<\/span>\n\t\t\t\t<span class=\"elementor-counter-number-suffix\"><\/span>\n\t\t\t<\/div>\n\t\t\t\t\t<\/div>\n\t\t\t\t<\/div>\n\t\t\t\t<\/div>\n\t\t\t\t<div class=\"elementor-element elementor-element-8dd23dc elementor-widget__width-initial elementor-widget elementor-widget-heading\" data-id=\"8dd23dc\" data-element_type=\"widget\" data-widget_type=\"heading.default\">\n\t\t\t\t<div class=\"elementor-widget-container\">\n\t\t\t<h6 class=\"elementor-heading-title elementor-size-default\">Criterios CLAEP<\/h6>\t\t<\/div>\n\t\t\t\t<\/div>\n\t\t\t\t\t<\/div>\n\t\t<\/div>\n\t\t\t\t<div class=\"elementor-column elementor-col-33 elementor-top-column elementor-element elementor-element-6765254\" data-id=\"6765254\" data-element_type=\"column\">\n\t\t\t<div class=\"elementor-widget-wrap elementor-element-populated\">\n\t\t\t\t\t\t\t\t<div class=\"elementor-element elementor-element-7d647b2 elementor-widget__width-inherit elementor-widget elementor-widget-counter\" data-id=\"7d647b2\" data-element_type=\"widget\" data-widget_type=\"counter.default\">\n\t\t\t\t<div class=\"elementor-widget-container\">\n\t\t\t\t\t<div class=\"elementor-counter\">\n\t\t\t<div class=\"elementor-counter-number-wrapper\">\n\t\t\t\t<span class=\"elementor-counter-number-prefix\"><\/span>\n\t\t\t\t<span class=\"elementor-counter-number\" data-duration=\"2000\" data-to-value=\"43\" data-from-value=\"1\" data-delimiter=\",\">1<\/span>\n\t\t\t\t<span class=\"elementor-counter-number-suffix\"><\/span>\n\t\t\t<\/div>\n\t\t\t\t\t<\/div>\n\t\t\t\t<\/div>\n\t\t\t\t<\/div>\n\t\t\t\t<div class=\"elementor-element elementor-element-cf2c39a elementor-widget__width-initial elementor-widget elementor-widget-heading\" data-id=\"cf2c39a\" data-element_type=\"widget\" data-widget_type=\"heading.default\">\n\t\t\t\t<div class=\"elementor-widget-container\">\n\t\t\t<h6 class=\"elementor-heading-title elementor-size-default\">Millones de ejemplares en papel<\/h6>\t\t<\/div>\n\t\t\t\t<\/div>\n\t\t\t\t\t<\/div>\n\t\t<\/div>\n\t\t\t\t\t\t\t<\/div>\n\t\t<\/section>\n\t\t\t\t\t\t<\/div>\n\t\t\t\t\t<\/div>\n\t\t","protected":false},"excerpt":{"rendered":"<p>Semblanza SIP &#8211; CLAEP SOCIEDAD INTERAMERICANA DE PRENSA La Sociedad Interamericana de Prensa es una organizaci\u00f3n sin fines de lucro dedicada a defender la libertad de expresi\u00f3n y de prensa en todas las Am\u00e9ricas. Sus principales objetivos son: Defender la libertad de prensa donde quiera que se impugne en las Am\u00e9ricas. Proteger los intereses de &hellip;<\/p>\n<p class=\"read-more\"> <a class=\"\" href=\"http:\/\/ucasociales.esy.es\/diplomadoclaep\/sip\/\"> <span class=\"screen-reader-text\">Sip<\/span> Read More &raquo;<\/a><\/p>\n","protected":false},"author":2,"featured_media":0,"parent":0,"menu_order":0,"comment_status":"closed","ping_status":"closed","template":"elementor_header_footer","meta":{"om_disable_all_campaigns":false,"_monsterinsights_skip_tracking":false,"_monsterinsights_sitenote_active":false,"_monsterinsights_sitenote_note":"","_monsterinsights_sitenote_category":0},"_links":{"self":[{"href":"http:\/\/ucasociales.esy.es\/diplomadoclaep\/wp-json\/wp\/v2\/pages\/2030"}],"collection":[{"href":"http:\/\/ucasociales.esy.es\/diplomadoclaep\/wp-json\/wp\/v2\/pages"}],"about":[{"href":"http:\/\/ucasociales.esy.es\/diplomadoclaep\/wp-json\/wp\/v2\/types\/page"}],"author":[{"embeddable":true,"href":"http:\/\/ucasociales.esy.es\/diplomadoclaep\/wp-json\/wp\/v2\/users\/2"}],"replies":[{"embeddable":true,"href":"http:\/\/ucasociales.esy.es\/diplomadoclaep\/wp-json\/wp\/v2\/comments?post=2030"}],"version-history":[{"count":46,"href":"http:\/\/ucasociales.esy.es\/diplomadoclaep\/wp-json\/wp\/v2\/pages\/2030\/revisions"}],"predecessor-version":[{"id":2409,"href":"http:\/\/ucasociales.esy.es\/diplomadoclaep\/wp-json\/wp\/v2\/pages\/2030\/revisions\/2409"}],"wp:attachment":[{"href":"http:\/\/ucasociales.esy.es\/diplomadoclaep\/wp-json\/wp\/v2\/media?parent=2030"}],"curies":[{"name":"wp","href":"https:\/\/api.w.org\/{rel}","templated":true}]}}