{"id":2038,"date":"2021-06-17T19:43:31","date_gmt":"2021-06-17T19:43:31","guid":{"rendered":"http:\/\/ucasociales.esy.es\/diplomadoclaep\/?page_id=2038"},"modified":"2021-07-22T14:55:31","modified_gmt":"2021-07-22T14:55:31","slug":"claep","status":"publish","type":"page","link":"http:\/\/ucasociales.esy.es\/diplomadoclaep\/claep\/","title":{"rendered":"Claep"},"content":{"rendered":"\t\t<div data-elementor-type=\"wp-post\" data-elementor-id=\"2038\" class=\"elementor elementor-2038\" data-elementor-settings=\"[]\">\n\t\t\t\t\t\t\t<div class=\"elementor-section-wrap\">\n\t\t\t\t\t\t\t<section class=\"elementor-section elementor-top-section elementor-element elementor-element-4ae63c00 elementor-section-stretched elementor-section-height-min-height elementor-section-boxed elementor-section-height-default elementor-section-items-middle elementor-invisible\" data-id=\"4ae63c00\" data-element_type=\"section\" data-settings=\"{&quot;background_background&quot;:&quot;classic&quot;,&quot;stretch_section&quot;:&quot;section-stretched&quot;,&quot;animation&quot;:&quot;fadeIn&quot;}\">\n\t\t\t\t\t\t\t<div class=\"elementor-background-overlay\"><\/div>\n\t\t\t\t\t\t\t<div class=\"elementor-container elementor-column-gap-no\">\n\t\t\t\t\t<div class=\"elementor-column elementor-col-100 elementor-top-column elementor-element elementor-element-2df56f35\" data-id=\"2df56f35\" data-element_type=\"column\">\n\t\t\t<div class=\"elementor-widget-wrap elementor-element-populated\">\n\t\t\t\t\t\t\t\t<div class=\"elementor-element elementor-element-2afa6b23 elementor-widget elementor-widget-heading\" data-id=\"2afa6b23\" data-element_type=\"widget\" data-widget_type=\"heading.default\">\n\t\t\t\t<div class=\"elementor-widget-container\">\n\t\t\t<h3 class=\"elementor-heading-title elementor-size-default\">Semblanza SIP - CLAEP<\/h3>\t\t<\/div>\n\t\t\t\t<\/div>\n\t\t\t\t\t<\/div>\n\t\t<\/div>\n\t\t\t\t\t\t\t<\/div>\n\t\t<\/section>\n\t\t\t\t<section class=\"elementor-section elementor-top-section elementor-element elementor-element-4f81566 elementor-section-boxed elementor-section-height-default elementor-section-height-default\" data-id=\"4f81566\" data-element_type=\"section\" data-settings=\"{&quot;background_background&quot;:&quot;classic&quot;}\">\n\t\t\t\t\t\t<div class=\"elementor-container elementor-column-gap-default\">\n\t\t\t\t\t<div class=\"elementor-column elementor-col-100 elementor-top-column elementor-element elementor-element-e0c7db0\" data-id=\"e0c7db0\" data-element_type=\"column\" data-settings=\"{&quot;background_background&quot;:&quot;classic&quot;}\">\n\t\t\t<div class=\"elementor-widget-wrap elementor-element-populated\">\n\t\t\t\t\t\t\t\t<section class=\"elementor-section elementor-inner-section elementor-element elementor-element-ecf73e8 elementor-section-content-middle elementor-section-boxed elementor-section-height-default elementor-section-height-default\" data-id=\"ecf73e8\" data-element_type=\"section\">\n\t\t\t\t\t\t<div class=\"elementor-container elementor-column-gap-default\">\n\t\t\t\t\t<div class=\"elementor-column elementor-col-100 elementor-inner-column elementor-element elementor-element-b8ddbf6\" data-id=\"b8ddbf6\" data-element_type=\"column\">\n\t\t\t<div class=\"elementor-widget-wrap elementor-element-populated\">\n\t\t\t\t\t\t\t\t<div class=\"elementor-element elementor-element-2c74da27 elementor-widget elementor-widget-heading\" data-id=\"2c74da27\" data-element_type=\"widget\" data-widget_type=\"heading.default\">\n\t\t\t\t<div class=\"elementor-widget-container\">\n\t\t\t<h3 class=\"elementor-heading-title elementor-size-default\">CLAEP<\/h3>\t\t<\/div>\n\t\t\t\t<\/div>\n\t\t\t\t<div class=\"elementor-element elementor-element-759c5282 elementor-widget-divider--view-line elementor-widget elementor-widget-divider\" data-id=\"759c5282\" data-element_type=\"widget\" data-widget_type=\"divider.default\">\n\t\t\t\t<div class=\"elementor-widget-container\">\n\t\t\t\t\t<div class=\"elementor-divider\">\n\t\t\t<span class=\"elementor-divider-separator\">\n\t\t\t\t\t\t<\/span>\n\t\t<\/div>\n\t\t\t\t<\/div>\n\t\t\t\t<\/div>\n\t\t\t\t<div class=\"elementor-element elementor-element-ee95a1f elementor-widget elementor-widget-text-editor\" data-id=\"ee95a1f\" data-element_type=\"widget\" data-widget_type=\"text-editor.default\">\n\t\t\t\t<div class=\"elementor-widget-container\">\n\t\t\t\t\t\t\t\t<p>El Consejo Latinoamericano de Acreditaci\u00f3n de la Educaci\u00f3n en Periodismo y Comunicaci\u00f3n (CLAEP) es la \u00fanica acreditadora internacional dedicada a fomentar y promover la excelencia en la formaci\u00f3n profesional del periodismo y la comunicaci\u00f3n en toda Am\u00e9rica Latina.<\/p><p>El CLAEP considera que los alumnos de las universidades que cursan una carrera de periodismo y\/o comunicaci\u00f3n pueden prepararse mejor en el ejercicio profesional si la instituci\u00f3n se rige por criterios internacionales de calidad espec\u00edficos para dichas profesiones.<\/p><p>El Consejo reconoce que la libertad de expresi\u00f3n y la libertad de prensa son indispensables en una sociedad libre y democr\u00e1tica y que la ense\u00f1anza profesional ofrecida por los programas acreditados debe fomentar el disenso, la investigaci\u00f3n y la libertad de prensa y expresi\u00f3n.<\/p><p>Para cumplir esta meta, CLAEP establece 7 criterios y ofrece un programa voluntario de evaluaci\u00f3n dirigido por profesionales y acad\u00e9micos para otorgar la acreditaci\u00f3n a aquellas entidades que cumplen con ellos.<\/p><p>Con 23 programas acreditados, en m\u00e1s de 5 pa\u00edses de AL, el Consejo garantiza a los estudiantes, padres de familia, profesionales del periodismo y la comunicaci\u00f3n, empleadores y a las audiencias en general, que los programas acreditados cumplen rigurosamente con las normas de la ense\u00f1anza profesional.<\/p><p>El Consejo reconoce y respeta la diversidad institucional de cada programa acreditado y fomenta la innovaci\u00f3n educativa de aquellas entidades que se esfuerzan y se comprometen en cumplir con las normas de acreditaci\u00f3n.<\/p><p>La acreditaci\u00f3n es una forma de asegurar que se mantengan los par\u00e1metros de excelencia en las instituciones educativas y una garant\u00eda de calidad para los programas de ense\u00f1anza y para el p\u00fablico hacia el cual est\u00e1n dirigidos.<\/p><p>Es un proceso fundamental para la orientaci\u00f3n de futuros estudiantes de periodismo y comunicaci\u00f3n, padres de familia y el p\u00fablico en general, porque asegura la calidad de los programas educativos y posibilita la sostenibilidad de dicha calidad mediante la evaluaci\u00f3n continua en periodos de 5 a 10 a\u00f1os.<\/p><p>Tambi\u00e9n es importante para los estudiantes, el cuerpo docente y empleados de las universidades acreditadas, ya que muestra un esp\u00edritu de perfeccionamiento y superaci\u00f3n continuo por parte de la instituci\u00f3n.<\/p><p>La acreditaci\u00f3n permite que directivos y cuerpo docente tengan acceso a distintos puntos de vista de personas ajenas a su instituci\u00f3n y al propio c\u00edrculo acad\u00e9mico. El proceso de acreditaci\u00f3n facilita el di\u00e1logo permanente entre estudiantes, cuerpo docente y p\u00fablico, y habilita un espacio donde poder ofrecer sus opiniones y aportes, mejorando as\u00ed la calidad en la ense\u00f1anza superior, a trav\u00e9s de diferentes voces y miradas, con diversas perspectivas.<\/p>\t\t\t\t\t\t<\/div>\n\t\t\t\t<\/div>\n\t\t\t\t<div class=\"elementor-element elementor-element-cdf23fc elementor-align-center elementor-widget elementor-widget-button\" data-id=\"cdf23fc\" data-element_type=\"widget\" data-widget_type=\"button.default\">\n\t\t\t\t<div class=\"elementor-widget-container\">\n\t\t\t\t\t<div class=\"elementor-button-wrapper\">\n\t\t\t<a href=\"http:\/\/ucasociales.esy.es\/diplomadoclaep\/wp-content\/uploads\/2021\/07\/manual_claep_2021.pdf\" class=\"elementor-button-link elementor-button elementor-size-sm\" role=\"button\">\n\t\t\t\t\t\t<span class=\"elementor-button-content-wrapper\">\n\t\t\t\t\t\t<span class=\"elementor-button-icon elementor-align-icon-left\">\n\t\t\t\t<i aria-hidden=\"true\" class=\"fas fa-file-pdf\"><\/i>\t\t\t<\/span>\n\t\t\t\t\t\t<span class=\"elementor-button-text\">Manual claep 2021<\/span>\n\t\t<\/span>\n\t\t\t\t\t<\/a>\n\t\t<\/div>\n\t\t\t\t<\/div>\n\t\t\t\t<\/div>\n\t\t\t\t\t<\/div>\n\t\t<\/div>\n\t\t\t\t\t\t\t<\/div>\n\t\t<\/section>\n\t\t\t\t\t<\/div>\n\t\t<\/div>\n\t\t\t\t\t\t\t<\/div>\n\t\t<\/section>\n\t\t\t\t<section class=\"elementor-section elementor-top-section elementor-element elementor-element-9ba5bc3 elementor-section-content-middle elementor-section-boxed elementor-section-height-default elementor-section-height-default\" data-id=\"9ba5bc3\" data-element_type=\"section\" data-settings=\"{&quot;background_background&quot;:&quot;classic&quot;}\">\n\t\t\t\t\t\t\t<div class=\"elementor-background-overlay\"><\/div>\n\t\t\t\t\t\t\t<div class=\"elementor-container elementor-column-gap-no\">\n\t\t\t\t\t<div class=\"elementor-column elementor-col-25 elementor-top-column elementor-element elementor-element-7ed5dbe\" data-id=\"7ed5dbe\" data-element_type=\"column\">\n\t\t\t<div class=\"elementor-widget-wrap elementor-element-populated\">\n\t\t\t\t\t\t\t\t<div class=\"elementor-element elementor-element-2b63d99 elementor-widget elementor-widget-heading\" data-id=\"2b63d99\" data-element_type=\"widget\" data-widget_type=\"heading.default\">\n\t\t\t\t<div class=\"elementor-widget-container\">\n\t\t\t<h4 class=\"elementor-heading-title elementor-size-default\">Claep en n\u00fameros<\/h4>\t\t<\/div>\n\t\t\t\t<\/div>\n\t\t\t\t<div class=\"elementor-element elementor-element-0f433ab elementor-widget elementor-widget-text-editor\" data-id=\"0f433ab\" data-element_type=\"widget\" data-widget_type=\"text-editor.default\">\n\t\t\t\t<div class=\"elementor-widget-container\">\n\t\t\t\t\t\t\t\tLorem ipsum dolor sit amet, consec tetur adipis.\t\t\t\t\t\t<\/div>\n\t\t\t\t<\/div>\n\t\t\t\t\t<\/div>\n\t\t<\/div>\n\t\t\t\t<div class=\"elementor-column elementor-col-25 elementor-top-column elementor-element elementor-element-2ae388f\" data-id=\"2ae388f\" data-element_type=\"column\">\n\t\t\t<div class=\"elementor-widget-wrap elementor-element-populated\">\n\t\t\t\t\t\t\t\t<div class=\"elementor-element elementor-element-714848d elementor-widget__width-inherit elementor-widget elementor-widget-counter\" data-id=\"714848d\" data-element_type=\"widget\" data-widget_type=\"counter.default\">\n\t\t\t\t<div class=\"elementor-widget-container\">\n\t\t\t\t\t<div class=\"elementor-counter\">\n\t\t\t<div class=\"elementor-counter-number-wrapper\">\n\t\t\t\t<span class=\"elementor-counter-number-prefix\"><\/span>\n\t\t\t\t<span class=\"elementor-counter-number\" data-duration=\"500\" data-to-value=\"5\" data-from-value=\"1\" data-delimiter=\",\">1<\/span>\n\t\t\t\t<span class=\"elementor-counter-number-suffix\"><\/span>\n\t\t\t<\/div>\n\t\t\t\t\t<\/div>\n\t\t\t\t<\/div>\n\t\t\t\t<\/div>\n\t\t\t\t<div class=\"elementor-element elementor-element-dd1bbd0 elementor-widget__width-initial elementor-widget elementor-widget-heading\" data-id=\"dd1bbd0\" data-element_type=\"widget\" data-widget_type=\"heading.default\">\n\t\t\t\t<div class=\"elementor-widget-container\">\n\t\t\t<h6 class=\"elementor-heading-title elementor-size-default\">Pa\u00edses de Latinoam\u00e9rica acreditados<\/h6>\t\t<\/div>\n\t\t\t\t<\/div>\n\t\t\t\t\t<\/div>\n\t\t<\/div>\n\t\t\t\t<div class=\"elementor-column elementor-col-25 elementor-top-column elementor-element elementor-element-a269641\" data-id=\"a269641\" data-element_type=\"column\">\n\t\t\t<div class=\"elementor-widget-wrap elementor-element-populated\">\n\t\t\t\t\t\t\t\t<div class=\"elementor-element elementor-element-feefbd0 elementor-widget__width-inherit elementor-widget elementor-widget-counter\" data-id=\"feefbd0\" data-element_type=\"widget\" data-widget_type=\"counter.default\">\n\t\t\t\t<div class=\"elementor-widget-container\">\n\t\t\t\t\t<div class=\"elementor-counter\">\n\t\t\t<div class=\"elementor-counter-number-wrapper\">\n\t\t\t\t<span class=\"elementor-counter-number-prefix\"><\/span>\n\t\t\t\t<span class=\"elementor-counter-number\" data-duration=\"1000\" data-to-value=\"7\" data-from-value=\"1\" data-delimiter=\",\">1<\/span>\n\t\t\t\t<span class=\"elementor-counter-number-suffix\"><\/span>\n\t\t\t<\/div>\n\t\t\t\t\t<\/div>\n\t\t\t\t<\/div>\n\t\t\t\t<\/div>\n\t\t\t\t<div class=\"elementor-element elementor-element-60f8847 elementor-widget__width-initial elementor-widget elementor-widget-heading\" data-id=\"60f8847\" data-element_type=\"widget\" data-widget_type=\"heading.default\">\n\t\t\t\t<div class=\"elementor-widget-container\">\n\t\t\t<h6 class=\"elementor-heading-title elementor-size-default\">Criterios CLAEP<\/h6>\t\t<\/div>\n\t\t\t\t<\/div>\n\t\t\t\t\t<\/div>\n\t\t<\/div>\n\t\t\t\t<div class=\"elementor-column elementor-col-25 elementor-top-column elementor-element elementor-element-2668460\" data-id=\"2668460\" data-element_type=\"column\">\n\t\t\t<div class=\"elementor-widget-wrap elementor-element-populated\">\n\t\t\t\t\t\t\t\t<div class=\"elementor-element elementor-element-610d4e9 elementor-widget__width-inherit elementor-widget elementor-widget-counter\" data-id=\"610d4e9\" data-element_type=\"widget\" data-widget_type=\"counter.default\">\n\t\t\t\t<div class=\"elementor-widget-container\">\n\t\t\t\t\t<div class=\"elementor-counter\">\n\t\t\t<div class=\"elementor-counter-number-wrapper\">\n\t\t\t\t<span class=\"elementor-counter-number-prefix\"><\/span>\n\t\t\t\t<span class=\"elementor-counter-number\" data-duration=\"2000\" data-to-value=\"23\" data-from-value=\"1\" data-delimiter=\",\">1<\/span>\n\t\t\t\t<span class=\"elementor-counter-number-suffix\"><\/span>\n\t\t\t<\/div>\n\t\t\t\t\t<\/div>\n\t\t\t\t<\/div>\n\t\t\t\t<\/div>\n\t\t\t\t<div class=\"elementor-element elementor-element-31ef1ce elementor-widget__width-initial elementor-widget elementor-widget-heading\" data-id=\"31ef1ce\" data-element_type=\"widget\" data-widget_type=\"heading.default\">\n\t\t\t\t<div class=\"elementor-widget-container\">\n\t\t\t<h6 class=\"elementor-heading-title elementor-size-default\">Programas acreditados<\/h6>\t\t<\/div>\n\t\t\t\t<\/div>\n\t\t\t\t\t<\/div>\n\t\t<\/div>\n\t\t\t\t\t\t\t<\/div>\n\t\t<\/section>\n\t\t\t\t\t\t<\/div>\n\t\t\t\t\t<\/div>\n\t\t","protected":false},"excerpt":{"rendered":"<p>Semblanza SIP &#8211; CLAEP CLAEP El Consejo Latinoamericano de Acreditaci\u00f3n de la Educaci\u00f3n en Periodismo y Comunicaci\u00f3n (CLAEP) es la \u00fanica acreditadora internacional dedicada a fomentar y promover la excelencia en la formaci\u00f3n profesional del periodismo y la comunicaci\u00f3n en toda Am\u00e9rica Latina. El CLAEP considera que los alumnos de las universidades que cursan una &hellip;<\/p>\n<p class=\"read-more\"> <a class=\"\" href=\"http:\/\/ucasociales.esy.es\/diplomadoclaep\/claep\/\"> <span class=\"screen-reader-text\">Claep<\/span> Read More &raquo;<\/a><\/p>\n","protected":false},"author":2,"featured_media":0,"parent":0,"menu_order":0,"comment_status":"closed","ping_status":"closed","template":"elementor_header_footer","meta":{"om_disable_all_campaigns":false,"_monsterinsights_skip_tracking":false,"_monsterinsights_sitenote_active":false,"_monsterinsights_sitenote_note":"","_monsterinsights_sitenote_category":0},"_links":{"self":[{"href":"http:\/\/ucasociales.esy.es\/diplomadoclaep\/wp-json\/wp\/v2\/pages\/2038"}],"collection":[{"href":"http:\/\/ucasociales.esy.es\/diplomadoclaep\/wp-json\/wp\/v2\/pages"}],"about":[{"href":"http:\/\/ucasociales.esy.es\/diplomadoclaep\/wp-json\/wp\/v2\/types\/page"}],"author":[{"embeddable":true,"href":"http:\/\/ucasociales.esy.es\/diplomadoclaep\/wp-json\/wp\/v2\/users\/2"}],"replies":[{"embeddable":true,"href":"http:\/\/ucasociales.esy.es\/diplomadoclaep\/wp-json\/wp\/v2\/comments?post=2038"}],"version-history":[{"count":39,"href":"http:\/\/ucasociales.esy.es\/diplomadoclaep\/wp-json\/wp\/v2\/pages\/2038\/revisions"}],"predecessor-version":[{"id":2825,"href":"http:\/\/ucasociales.esy.es\/diplomadoclaep\/wp-json\/wp\/v2\/pages\/2038\/revisions\/2825"}],"wp:attachment":[{"href":"http:\/\/ucasociales.esy.es\/diplomadoclaep\/wp-json\/wp\/v2\/media?parent=2038"}],"curies":[{"name":"wp","href":"https:\/\/api.w.org\/{rel}","templated":true}]}}